 units digit of 29749?
9
What is the thousands digit of 1385?
1
What is the units digit of 67213?
3
What is the hundreds digit of 584?
5
What is the tens digit of 56167?
6
What is the tens digit of 26667?
6
What is the thousands digit of 2782?
2
What is the hundreds digit of 243?
2
What is the thousands digit of 2284?
2
What is the units digit of 4538?
8
What is the tens digit of 474?
7
What is the ten thousands digit of 23077?
2
What is the units digit of 39502?
2
What is the hundreds digit of 433?
4
What is the tens digit of 52024?
2
What is the tens digit of 46348?
4
What is the units digit of 1112?
2
What is the units digit of 3073?
3
What is the thousands digit of 1450?
1
What is the thousands digit of 1366?
1
What is the tens digit of 3460?
6
What is the units digit of 946?
6
What is the units digit of 1365?
5
What is the tens digit of 1278?
7
What is the thousands digit of 16330?
6
What is the hundreds digit of 107582?
5
What is the thousands digit of 1096?
1
What is the units digit of 7673?
3
What is the units digit of 4008?
8
What is the units digit of 3059?
9
What is the units digit of 4165?
5
What is the tens digit of 2719?
1
What is the units digit of 108?
8
What is the thousands digit of 4836?
4
What is the thousands digit of 41114?
1
What is the hundreds digit of 1403?
4
What is the tens digit of 67738?
3
What is the hundreds digit of 946?
9
What is the hundreds digit of 716?
7
What is the units digit of 5210?
0
What is the tens digit of 7591?
9
What is the units digit of 7230?
0
What is the thousands digit of 2003?
2
What is the thousands digit of 1867?
1
What is the ten thousands digit of 69868?
6
What is the thousands digit of 1287?
1
What is the hundreds digit of 9792?
7
What is the hundred thousands digit of 103152?
1
What is the units digit of 4485?
5
What is the thousands digit of 5112?
5
What is the thousands digit of 28646?
8
What is the thousands digit of 2062?
2
What is the ten thousands digit of 37048?
3
What is the tens digit of 2716?
1
What is the tens digit of 4963?
6
What is the hundreds digit of 2700?
7
What is the tens digit of 1140?
4
What is the thousands digit of 11417?
1
What is the tens digit of 879?
7
What is the thousands digit of 7845?
7
What is the units digit of 71?
1
What is the thousands digit of 3854?
3
What is the hundreds digit of 56485?
4
What is the hundreds digit of 17329?
3
What is the units digit of 4238?
8
What is the hundreds digit of 125225?
2
What is the tens digit of 2914?
1
What is the units digit of 193?
3
What is the units digit of 355?
5
What is the units digit of 112703?
3
What is the units digit of 1534?
4
What is the units digit of 162746?
6
What is the thousands digit of 12542?
2
What is the thousands digit of 2346?
2
What is the thousands digit of 36526?
6
What is the tens digit of 30535?
3
What is the thousands digit of 2783?
2
What is the hundreds digit of 8492?
4
What is the units digit of 494?
4
What is the hundreds digit of 1456?
4
What is the hundreds digit of 116371?
3
What is the units digit of 3916?
6
What is the hundreds digit of 3913?
9
What is the tens digit of 58?
5
What is the units digit of 31169?
9
What is the hundreds digit of 2102?
1
What is the units digit of 1859?
9
What is the hundreds digit of 3777?
7
What is the thousands digit of 4801?
4
What is the tens digit of 2299?
9
What is the tens digit of 81700?
0
What is the ten thousands digit of 11775?
1
What is the ten thousands digit of 53847?
5
What is the hundreds digit of 724?
7
What is the hundreds digit of 7659?
6
What is the hundreds digit of 60341?
3
What is the hundreds digit of 826?
8
What is the thousands digit of 4925?
4
What is the hundreds digit of 10404?
4
What is the thousands digit of 4800?
4
What is the hundreds digit of 2978?
9
What is the tens digit of 8450?
5
What is the thousands digit of 1395?
1
What is the units digit of 20090?
0
What is the hundred thousands digit of 174740?
1
What is the tens digit of 553?
5
What is the units digit of 11980?
0
What is the tens digit of 21350?
5
What is the thousands digit of 3615?
3
What is the thousands digit of 35717?
5
What is the thousands digit of 5866?
5
What is the thousands digit of 6368?
6
What is the hundreds digit of 225?
2
What is the hundreds digit of 12478?
4
What is the tens digit of 502?
0
What is the hundreds digit of 2511?
5
What is the tens digit of 17125?
2
What is the units digit of 72548?
8
What is the units digit of 100?
0
What is the tens digit of 965?
6
What is the units digit of 7407?
7
What is the hundred thousands digit of 100004?
1
What is the hundreds digit of 54769?
7
What is the tens digit of 60?
6
What is the units digit of 4225?
5
What is the hundreds digit of 14248?
2
What is the units digit of 573?
3
What is the ten thousands digit of 10002?
1
What is the units digit of 342?
2
What is the tens digit of 1983?
8
What is the thousands digit of 3125?
3
What is the thousands digit of 27397?
7
What is the tens digit of 210?
1
What is the thousands digit of 71791?
1
What is the tens digit of 42568?
6
What is the units digit of 318?
8
What is the units digit of 2483?
3
What is the thousands digit of 3034?
3
What is the tens digit of 870?
7
What is the units digit of 1841?
1
What is the hundreds digit of 23285?
2
What is the tens digit of 64827?
2
What is the tens digit of 51860?
6
What is the tens digit of 11793?
9
What is the hundreds digit of 4459?
4
What is the hundreds digit of 62285?
2
What is the units digit of 1005?
5
What is the tens digit of 452?
5
What is the hundreds digit of 32436?
4
What is the hundreds digit of 17833?
8
What is the thousands digit of 1372?
1
What is the hundreds digit of 13576?
5
What is the hundreds digit of 417?
4
What is the units digit of 2005?
5
What is the hundreds digit of 14687?
6
What is the hundreds digit of 10152?
1
What is the tens digit of 2021?
2
What is the hundreds digit of 5633?
6
What is the tens digit of 3449?
4
What is the hundreds digit of 64800?
8
What is the thousands digit of 3122?
3
What is the units digit of 4329?
9
What is the units digit of 9316?
6
What is the hundreds digit of 3329?
3
What is the units digit of 304?
4
What is the hundreds digit of 23623?
6
What is the tens digit of 12692?
9
What is the thousands digit of 96865?
6
What is the tens digit of 27945?
4
What is the tens digit of 37392?
9
What is the thousands digit of 6093?
6
What is the units digit of 2181?
1
What is the hundreds digit of 51681?
6
What is the tens digit of 1032?
3
What is the thousands digit of 3375?
3
What is the thousands digit of 7017?
7
What is the tens digit of 2517?
1
What is the thousands digit of 46001?
6
What is the units digit of 696?
6
What is the tens digit of 512?
1
What is the hundreds digit of 71617?
6
What is the hundred thousands digit of 126629?
1
What is the tens digit of 403?
0
What is the hundreds digit of 1006?
0
What is the thousands digit of 1364?
1
What is the units digit of 619?
9
What is the tens digit of 1301?
0
What is the thousands digit of 30074?
0
What is the units digit of 1328?
8
What is the thousands digit of 5874?
5
What is the units digit of 105316?
6
What is the thousands digit of 5833?
5
What is the units digit of 6446?
6
What is the ten thousands digit of 14866?
1
What is the hundreds digit of 817?
8
What is the ten thousands digit of 85810?
8
What is the thousands digit of 12825?
2
What is the thousands digit of 95418?
5
What is the ten thousands digit of 13363?
1
What is the units digit of 1881?
1
What is the hundreds digit of 1070?
0
What is the ten thousands digit of 23848?
2
What is the tens digit of 2039?
3
What is the tens digit of 313?
1
What is the ten thousands digit of 23269?
2
What is the thousands digit of 133831?
3
What is the units digit of 3679?
9
What is the thousands digit of 50070?
0
What is the tens digit of 6967?
6
What is the thousands digit of 64444?
4
What is the hundreds digit of 806?
8
What is the units digit of 35177?
7
What is the tens digit of 1766?
6
What is the units digit of 24404?
4
What is the hundreds digit of 3567?
5
What is the hundreds digit of 187?
1
What is the units digit of 688?
8
What is the thousands digit of 4139?
4
What is the tens digit of 10234?
3
What is the units digit of 1437?
7
What is the t